{"id":10,"date":"2014-06-30T00:45:54","date_gmt":"2014-06-29T22:45:54","guid":{"rendered":"https:\/\/mikehenry.se\/arsmagica\/?page_id=10"},"modified":"2014-08-14T14:53:16","modified_gmt":"2014-08-14T12:53:16","slug":"diary","status":"publish","type":"page","link":"https:\/\/mikehenry.se\/arsmagica\/saga\/diary\/","title":{"rendered":"Dagbok"},"content":{"rendered":"<p>M\u00e5nga saker har h\u00e4nt och det kan vara sv\u00e5rt att komma ih\u00e5g allt mellan spelomg\u00e5ngarna. H\u00e4r kan du fr\u00e4scha upp minnet eller bara koppla av och njuta av Sagans utveckling eller hitta samband som som kommer med eftertanke&#8230;<\/p>\n<p>Vill du l\u00e4sa om h\u00e4ndelserna fr\u00e5n allra f\u00f6rsta b\u00f6rjan s\u00e5 b\u00f6rja <a title=\"Stormryttaren\" href=\"https:\/\/mikehenry.se\/arsmagica\/?p=4\">h\u00e4r<\/a>.<\/p>\n<h2>Spelomg\u00e5ng #6<\/h2>\n<p>2005-03-12<br \/>\nM\u00e4rkliga h\u00e4ndelser i en avl\u00e4gsen bergsby f\u00f6ranleder en expedition fr\u00e5n Gillet. Gruvorna bes\u00f6ks och truppen s\u00e4tter sig verkligen i klistret n\u00e4r sammanh\u00e5llningen beh\u00f6vs som b\u00e4st. <a title=\"Spelomg\u00e5ng #6, akt 1\" href=\"https:\/\/mikehenry.se\/arsmagica\/?p=253\">1<\/a>. <a title=\"Spelomg\u00e5ng #6, akt 1\" href=\"https:\/\/mikehenry.se\/arsmagica\/?p=253\">&gt;&gt;&gt;<\/a><\/p>\n<h2>Spelomg\u00e5ng #5<\/h2>\n<p>2004-06-22<br \/>\nEremitaget verkade s\u00e5 fridfullt men pl\u00f6tsligt blir truppen anfallen av en mindre skellettarm\u00e9 som legat dold under jorden. Referat av Torlen. Akter: <a title=\"Spelomg\u00e5ng #5, akt 1\" href=\"https:\/\/mikehenry.se\/arsmagica\/?p=248\">1<\/a>. <a title=\"Spelomg\u00e5ng #5, akt 1\" href=\"https:\/\/mikehenry.se\/arsmagica\/?p=248\">&gt;&gt;&gt;<\/a><\/p>\n<h2>Interludium<\/h2>\n<p>Jerem\u00e9 beger sig tillbaka till Mistridge f\u00f6r att rapportera om h\u00e4ndelserna kring jakten p\u00e5 Stormryttaren och Caeron&#8217;s f\u00f6rsvinnande. Men n\u00e4r Felix f\u00e5r h\u00f6ra om Theorons existens blir han eld och l\u00e5gor. <a title=\"Interludium #1\" href=\"https:\/\/mikehenry.se\/arsmagica\/?p=246\">&gt;&gt;&gt;<\/a><\/p>\n<h2>Spelomg\u00e5ng #4<\/h2>\n<p>2003-01-18<br \/>\nRyktet om Theoron g\u00f6r v\u00e5ra hj\u00e4ltar b\u00e5de nyfikna och angel\u00e4gna. Med nya f\u00f6ljeslagare ger sig truppen iv\u00e4g f\u00f6r att se vad som har h\u00e4nt. Man passerar slottet Guifr\u00e9 d\u00e4r det r\u00e5der sorg efter Sir Briens bortg\u00e5ng. V\u00e4l framme i Alopoc hittar man en f\u00e5rad Perfecti som kan hj\u00e4lpa. Jakten g\u00e5r vidare till en hems\u00f6kt by i en gl\u00f6md dal. Efter en sp\u00f6klik natt hittar man ett erimitage som d\u00f6ljer mera hemligheter \u00e4n vad man kan tro. Akter: <a title=\"Spelomg\u00e5ng #4, akt 1\" href=\"https:\/\/mikehenry.se\/arsmagica\/?p=209\">1<\/a>, <a title=\"Spelomg\u00e5ng #4, akt 2\" href=\"https:\/\/mikehenry.se\/arsmagica\/?p=211\">2<\/a>, <a title=\"Spelomg\u00e5ng #4, akt 3\" href=\"https:\/\/mikehenry.se\/arsmagica\/?p=213\">3<\/a>, <a title=\"Spelomg\u00e5ng #4, akt 4\" href=\"https:\/\/mikehenry.se\/arsmagica\/?p=215\">4<\/a>, <a title=\"Spelomg\u00e5ng #4, akt 5\" href=\"https:\/\/mikehenry.se\/arsmagica\/?p=219\">5<\/a>, <a title=\"Spelomg\u00e5ng #4, akt 6\" href=\"https:\/\/mikehenry.se\/arsmagica\/?p=244\">6<\/a>. <a title=\"Spelomg\u00e5ng #4, akt 1\" href=\"https:\/\/mikehenry.se\/arsmagica\/?p=209\">&gt;&gt;&gt;<\/a><\/p>\n<h2>Spelomg\u00e5ng #3<\/h2>\n<p>2002-09-28<br \/>\nEfter den vilda jakten pustar v\u00e5ra hj\u00e4ltar ut. Dock inte l\u00e4nge: Stormryttarens bortg\u00e5ng har sl\u00e4ppt l\u00f6s \u00f6vernaturliga krafter och det ser m\u00f6rkt ut n\u00e4r truppen pl\u00f6tsligt f\u00e5r hj\u00e4lp fr\u00e5n ov\u00e4ntat h\u00e5ll. Efter en natt p\u00e5 slottet d&#8217;Uverre d\u00e4r de \u00e4rofulla d\u00e5den prisas, \u00e5terv\u00e4nder truppen mot Mistridge n\u00e4r gruppen n\u00e5s av ryktet om en mystisk man, en fd grog p\u00e5 gillet, som efter m\u00e5nga \u00e5r har sv\u00e5rt att hitta hem. Akter: <a title=\"Spelomg\u00e5ng #3, akt 1\" href=\"https:\/\/mikehenry.se\/arsmagica\/?p=198\">1<\/a>, <a title=\"Spelomg\u00e5ng #3, akt 2\" href=\"https:\/\/mikehenry.se\/arsmagica\/?p=201\">2<\/a>, <a title=\"Spelomg\u00e5ng #3, akt 3\" href=\"https:\/\/mikehenry.se\/arsmagica\/?p=203\">3<\/a>, <a title=\"Spelomg\u00e5ng #3, akt 4\" href=\"https:\/\/mikehenry.se\/arsmagica\/?p=205\">4<\/a>. <a title=\"Spelomg\u00e5ng #3, akt 1\" href=\"https:\/\/mikehenry.se\/arsmagica\/?p=198\">&gt;&gt;&gt;<\/a><\/p>\n<h2>Spelomg\u00e5ng #2<\/h2>\n<p>2002-05-25<br \/>\nTruppen driver bort Stormryttaren fr\u00e5n slottet d&#8217;Uverre, till Baronens stora gl\u00e4dje. Dock r\u00e4ddas truppen av Baronens m\u00e4n, d\u00e5 ett antal Flod-troll, frammanade av Stormryttaren anfaller. Stormryttaren hinns ikapp och St Fab\u00eda uppenbarar sig. Akter: <a title=\"Spelomg\u00e5ng #2, akt 1\" href=\"https:\/\/mikehenry.se\/arsmagica\/?p=196\">1<\/a>. <a title=\"Spelomg\u00e5ng #2, akt 1\" href=\"https:\/\/mikehenry.se\/arsmagica\/?p=196\">&gt;&gt;&gt;<\/a><\/p>\n<h2>Spelomg\u00e5ng #1<\/h2>\n<p>2002-02-16<br \/>\nEn v\u00e5ldsam storm h\u00e4rjar i Val du Bosque d\u00e4r den fruktade Stormryttaren tar skepnad och nedstiger fr\u00e5n molnen. Magil\u00e4rlingarna p\u00e5 gillet Mistridge ger sig av f\u00f6r att unders\u00f6ka denna f\u00f6runderliga varelse och f\u00f6rs\u00f6ka stoppa dennes framfart. Akter: <a title=\"Spelomg\u00e5ng #1, akt 1\" href=\"https:\/\/mikehenry.se\/arsmagica\/?p=4\">1<\/a>, <a title=\"Spelomg\u00e5ng #1, akt 2\" href=\"https:\/\/mikehenry.se\/arsmagica\/?p=182\">2<\/a>, <a title=\"Spelomg\u00e5ng #1, akt 3\" href=\"https:\/\/mikehenry.se\/arsmagica\/?p=189\">3<\/a>, <a title=\"Spelomg\u00e5ng #1, akt 4\" href=\"https:\/\/mikehenry.se\/arsmagica\/?p=192\">4<\/a>. <a title=\"Spelomg\u00e5ng #1, akt 1\" href=\"https:\/\/mikehenry.se\/arsmagica\/?p=4\">&gt;&gt;&gt;<\/a><\/p>\n","protected":false},"excerpt":{"rendered":"<p>M\u00e5nga saker har h\u00e4nt och det kan vara sv\u00e5rt att komma ih\u00e5g allt mellan spelomg\u00e5ngarna. H\u00e4r kan du fr\u00e4scha upp minnet eller bara koppla av och njuta av Sagans utveckling eller hitta samband som som kommer med eftertanke&#8230; Vill du l\u00e4sa om h\u00e4ndelserna fr\u00e5n allra f\u00f6rsta b\u00f6rjan s\u00e5 b\u00f6rja h\u00e4r. Spelomg\u00e5ng #6 2005-03-12 M\u00e4rkliga h\u00e4ndelser &hellip; <a href=\"https:\/\/mikehenry.se\/arsmagica\/saga\/diary\/\" class=\"more-link\">Continue reading <span class=\"meta-nav\">&rarr;<\/span><\/a><\/p>\n","protected":false},"author":1,"featured_media":0,"parent":31,"menu_order":1,"comment_status":"open","ping_status":"closed","template":"","meta":{"jetpack_post_was_ever_published":false,"footnotes":""},"class_list":["post-10","page","type-page","status-publish","hentry"],"jetpack_sharing_enabled":true,"jetpack_shortlink":"https:\/\/wp.me\/P4Pfdx-a","_links":{"self":[{"href":"https:\/\/mikehenry.se\/arsmagica\/wp-json\/wp\/v2\/pages\/10","targetHints":{"allow":["GET"]}}],"collection":[{"href":"https:\/\/mikehenry.se\/arsmagica\/wp-json\/wp\/v2\/pages"}],"about":[{"href":"https:\/\/mikehenry.se\/arsmagica\/wp-json\/wp\/v2\/types\/page"}],"author":[{"embeddable":true,"href":"https:\/\/mikehenry.se\/arsmagica\/wp-json\/wp\/v2\/users\/1"}],"replies":[{"embeddable":true,"href":"https:\/\/mikehenry.se\/arsmagica\/wp-json\/wp\/v2\/comments?post=10"}],"version-history":[{"count":19,"href":"https:\/\/mikehenry.se\/arsmagica\/wp-json\/wp\/v2\/pages\/10\/revisions"}],"predecessor-version":[{"id":686,"href":"https:\/\/mikehenry.se\/arsmagica\/wp-json\/wp\/v2\/pages\/10\/revisions\/686"}],"up":[{"embeddable":true,"href":"https:\/\/mikehenry.se\/arsmagica\/wp-json\/wp\/v2\/pages\/31"}],"wp:attachment":[{"href":"https:\/\/mikehenry.se\/arsmagica\/wp-json\/wp\/v2\/media?parent=10"}],"curies":[{"name":"wp","href":"https:\/\/api.w.org\/{rel}","templated":true}]}}